{"version":"1.0","provider_name":"Exportaci\u00f3n del Caribe","provider_url":"https:\/\/content.carib-export.com\/es\/","author_name":"Deidre Brathwaite","author_url":"https:\/\/content.carib-export.com\/es\/author\/deidreb\/","title":"\u00bfQui\u00e9n representar\u00e1 al sector privado de la regi\u00f3n? - nombre del Exportaci\u00f3n del Caribe","type":"rich","width":600,"height":338,"html":"<blockquote class=\"wp-embedded-content\" data-secret=\"le0VDgkeEk\"><a href=\"https:\/\/content.carib-export.com\/es\/news\/who-will-represent-the-regions-private-sector\/\">\u00bfQui\u00e9n representar\u00e1 al sector privado de la regi\u00f3n?<\/a><\/blockquote><iframe sandbox=\"allow-scripts\" security=\"restricted\" src=\"https:\/\/content.carib-export.com\/es\/news\/who-will-represent-the-regions-private-sector\/embed\/#?secret=le0VDgkeEk\" width=\"600\" height=\"338\" title=\"\u00ab\u00bfQui\u00e9n representar\u00e1 al sector privado de la regi\u00f3n?\u00bb \u2014 Exportaci\u00f3n del Caribe\" data-secret=\"le0VDgkeEk\" frameborder=\"0\" marginwidth=\"0\" marginheight=\"0\" scrolling=\"no\" class=\"wp-embedded-content\"><\/iframe><script>\n\/*! This file is auto-generated *\/\n!function(d,l){\"use strict\";l.querySelector&&d.addEventListener&&\"undefined\"!=typeof URL&&(d.wp=d.wp||{},d.wp.receiveEmbedMessage||(d.wp.receiveEmbedMessage=function(e){var t=e.data;if((t||t.secret||t.message||t.value)&&!\/[^a-zA-Z0-9]\/.test(t.secret)){for(var s,r,n,a=l.querySelectorAll('iframe[data-secret=\"'+t.secret+'\"]'),o=l.querySelectorAll('blockquote[data-secret=\"'+t.secret+'\"]'),c=new RegExp(\"^https?:$\",\"i\"),i=0;i<o.length;i++)o[i].style.display=\"none\";for(i=0;i<a.length;i++)s=a[i],e.source===s.contentWindow&&(s.removeAttribute(\"style\"),\"height\"===t.message?(1e3<(r=parseInt(t.value,10))?r=1e3:~~r<200&&(r=200),s.height=r):\"link\"===t.message&&(r=new URL(s.getAttribute(\"src\")),n=new URL(t.value),c.test(n.protocol))&&n.host===r.host&&l.activeElement===s&&(d.top.location.href=t.value))}},d.addEventListener(\"message\",d.wp.receiveEmbedMessage,!1),l.addEventListener(\"DOMContentLoaded\",function(){for(var e,t,s=l.querySelectorAll(\"iframe.wp-embedded-content\"),r=0;r<s.length;r++)(t=(e=s[r]).getAttribute(\"data-secret\"))||(t=Math.random().toString(36).substring(2,12),e.src+=\"#?secret=\"+t,e.setAttribute(\"data-secret\",t)),e.contentWindow.postMessage({message:\"ready\",secret:t},\"*\")},!1)))}(window,document);\n\/\/# sourceURL=https:\/\/content.carib-export.com\/wp-includes\/js\/wp-embed.min.js\n<\/script>\n","thumbnail_url":"https:\/\/content.carib-export.com\/wp-content\/uploads\/2017\/12\/Untitled-design-14.png","thumbnail_width":800,"thumbnail_height":800,"description":"The Caribbean Export Development Agency (Caribbean Export), in collaboration with the world\u00e2\u20ac\u2122s largest donor organization, the European Union, pulled together some of the region\u00e2\u20ac\u2122s most influential business leaders and private sector representative organisations to answer this very question last week at a Private Sector Engagement Meeting in Kingston, Jamaica. The meeting included a feature address [&hellip;]"}

Exportación del Caribe

¿Quién representará al sector privado de la región? - nombre del Exportación del Caribe

<blockquote class="wp-embedded-content" data-secret="le0VDgkeEk"><a href="https://content.carib-export.com/es/news/who-will-represent-the-regions-private-sector/">¿Quién representará al sector privado de la región?</a></blockquote><iframe sandbox="allow-scripts" security="restricted" src="https://content.carib-export.com/es/news/who-will-represent-the-regions-private-sector/embed/#?secret=le0VDgkeEk" width="600" height="338" title="«¿Quién representará al sector privado de la región?» — Exportación del Caribe" data-secret="le0VDgkeEk" frameborder="0" marginwidth="0" marginheight="0" scrolling="no" class="wp-embedded-content"></iframe><script>
/*! This file is auto-generated */
!function(d,l){"use strict";l.querySelector&&d.addEventListener&&"undefined"!=typeof URL&&(d.wp=d.wp||{},d.wp.receiveEmbedMessage||(d.wp.receiveEmbedMessage=function(e){var t=e.data;if((t||t.secret||t.message||t.value)&&!/[^a-zA-Z0-9]/.test(t.secret)){for(var s,r,n,a=l.querySelectorAll('iframe[data-secret="'+t.secret+'"]'),o=l.querySelectorAll('blockquote[data-secret="'+t.secret+'"]'),c=new RegExp("^https?:$","i"),i=0;i<o.length;i++)o[i].style.display="none";for(i=0;i<a.length;i++)s=a[i],e.source===s.contentWindow&&(s.removeAttribute("style"),"height"===t.message?(1e3<(r=parseInt(t.value,10))?r=1e3:~~r<200&&(r=200),s.height=r):"link"===t.message&&(r=new URL(s.getAttribute("src")),n=new URL(t.value),c.test(n.protocol))&&n.host===r.host&&l.activeElement===s&&(d.top.location.href=t.value))}},d.addEventListener("message",d.wp.receiveEmbedMessage,!1),l.addEventListener("DOMContentLoaded",function(){for(var e,t,s=l.querySelectorAll("iframe.wp-embedded-content"),r=0;r<s.length;r++)(t=(e=s[r]).getAttribute("data-secret"))||(t=Math.random().toString(36).substring(2,12),e.src+="#?secret="+t,e.setAttribute("data-secret",t)),e.contentWindow.postMessage({message:"ready",secret:t},"*")},!1)))}(window,document);
//# sourceURL=https://content.carib-export.com/wp-includes/js/wp-embed.min.js
</script>

The Caribbean Export Development Agency (Caribbean Export), in collaboration with the worldâ€™s largest donor organization, the European Union, pulled together some of the regionâ€™s most influential business leaders and private sector representative organisations to answer this very question last week at a Private Sector Engagement Meeting in Kingston, Jamaica. The meeting included a feature address [&hellip;]
