{"version":"1.0","provider_name":"Exportation Cara\u00efbes","provider_url":"https:\/\/content.carib-export.com\/fr\/","author_name":"JoEllen Laryea","author_url":"https:\/\/content.carib-export.com\/fr\/author\/joellenl\/","title":"de S'attaquer \u00e0 la plus grande foire alimentaire du monde - Exportation Cara\u00efbes","type":"rich","width":600,"height":338,"html":"<blockquote class=\"wp-embedded-content\" data-secret=\"3WrpxEyvMN\"><a href=\"https:\/\/content.carib-export.com\/fr\/blog\/taking-on-the-worlds-biggest-food-fair\/\">S&rsquo;attaquer \u00e0 la plus grande foire alimentaire du monde<\/a><\/blockquote><iframe sandbox=\"allow-scripts\" security=\"restricted\" src=\"https:\/\/content.carib-export.com\/fr\/blog\/taking-on-the-worlds-biggest-food-fair\/embed\/#?secret=3WrpxEyvMN\" width=\"600\" height=\"338\" title=\"\u00ab\u00a0S&rsquo;attaquer \u00e0 la plus grande foire alimentaire du monde\u00a0\u00bb &#8212; Exportation Cara\u00efbes\" data-secret=\"3WrpxEyvMN\" frameborder=\"0\" marginwidth=\"0\" marginheight=\"0\" scrolling=\"no\" class=\"wp-embedded-content\"><\/iframe><script>\n\/*! This file is auto-generated *\/\n!function(d,l){\"use strict\";l.querySelector&&d.addEventListener&&\"undefined\"!=typeof URL&&(d.wp=d.wp||{},d.wp.receiveEmbedMessage||(d.wp.receiveEmbedMessage=function(e){var t=e.data;if((t||t.secret||t.message||t.value)&&!\/[^a-zA-Z0-9]\/.test(t.secret)){for(var s,r,n,a=l.querySelectorAll('iframe[data-secret=\"'+t.secret+'\"]'),o=l.querySelectorAll('blockquote[data-secret=\"'+t.secret+'\"]'),c=new RegExp(\"^https?:$\",\"i\"),i=0;i<o.length;i++)o[i].style.display=\"none\";for(i=0;i<a.length;i++)s=a[i],e.source===s.contentWindow&&(s.removeAttribute(\"style\"),\"height\"===t.message?(1e3<(r=parseInt(t.value,10))?r=1e3:~~r<200&&(r=200),s.height=r):\"link\"===t.message&&(r=new URL(s.getAttribute(\"src\")),n=new URL(t.value),c.test(n.protocol))&&n.host===r.host&&l.activeElement===s&&(d.top.location.href=t.value))}},d.addEventListener(\"message\",d.wp.receiveEmbedMessage,!1),l.addEventListener(\"DOMContentLoaded\",function(){for(var e,t,s=l.querySelectorAll(\"iframe.wp-embedded-content\"),r=0;r<s.length;r++)(t=(e=s[r]).getAttribute(\"data-secret\"))||(t=Math.random().toString(36).substring(2,12),e.src+=\"#?secret=\"+t,e.setAttribute(\"data-secret\",t)),e.contentWindow.postMessage({message:\"ready\",secret:t},\"*\")},!1)))}(window,document);\n\/\/# sourceURL=https:\/\/content.carib-export.com\/wp-includes\/js\/wp-embed.min.js\n<\/script>\n","thumbnail_url":"https:\/\/content.carib-export.com\/wp-content\/uploads\/2022\/10\/20221016_113110-scaled.jpg","thumbnail_width":1920,"thumbnail_height":2560,"description":"Cette semaine, l'\u00e9quipe de Caribbean Export pr\u00e9sente quatorze marques carib\u00e9ennes qui exposeront au plus grand salon bisannuel du monde, le SIAL, \u00e0 Paris, en France. Plus de 310 000 visiteurs sont attendus pendant cinq jours, du 14 au 19 octobre. Les entreprises des Cara\u00efbes seront pr\u00e9sent\u00e9es dans le pavillon Absolutely Caribbean."}

Exportation Caraïbes

de S'attaquer à la plus grande foire alimentaire du monde - Exportation Caraïbes

<blockquote class="wp-embedded-content" data-secret="3WrpxEyvMN"><a href="https://content.carib-export.com/fr/blog/taking-on-the-worlds-biggest-food-fair/">S&rsquo;attaquer à la plus grande foire alimentaire du monde</a></blockquote><iframe sandbox="allow-scripts" security="restricted" src="https://content.carib-export.com/fr/blog/taking-on-the-worlds-biggest-food-fair/embed/#?secret=3WrpxEyvMN" width="600" height="338" title="« S&rsquo;attaquer à la plus grande foire alimentaire du monde » &#8212; Exportation Caraïbes" data-secret="3WrpxEyvMN" frameborder="0" marginwidth="0" marginheight="0" scrolling="no" class="wp-embedded-content"></iframe><script>
/*! This file is auto-generated */
!function(d,l){"use strict";l.querySelector&&d.addEventListener&&"undefined"!=typeof URL&&(d.wp=d.wp||{},d.wp.receiveEmbedMessage||(d.wp.receiveEmbedMessage=function(e){var t=e.data;if((t||t.secret||t.message||t.value)&&!/[^a-zA-Z0-9]/.test(t.secret)){for(var s,r,n,a=l.querySelectorAll('iframe[data-secret="'+t.secret+'"]'),o=l.querySelectorAll('blockquote[data-secret="'+t.secret+'"]'),c=new RegExp("^https?:$","i"),i=0;i<o.length;i++)o[i].style.display="none";for(i=0;i<a.length;i++)s=a[i],e.source===s.contentWindow&&(s.removeAttribute("style"),"height"===t.message?(1e3<(r=parseInt(t.value,10))?r=1e3:~~r<200&&(r=200),s.height=r):"link"===t.message&&(r=new URL(s.getAttribute("src")),n=new URL(t.value),c.test(n.protocol))&&n.host===r.host&&l.activeElement===s&&(d.top.location.href=t.value))}},d.addEventListener("message",d.wp.receiveEmbedMessage,!1),l.addEventListener("DOMContentLoaded",function(){for(var e,t,s=l.querySelectorAll("iframe.wp-embedded-content"),r=0;r<s.length;r++)(t=(e=s[r]).getAttribute("data-secret"))||(t=Math.random().toString(36).substring(2,12),e.src+="#?secret="+t,e.setAttribute("data-secret",t)),e.contentWindow.postMessage({message:"ready",secret:t},"*")},!1)))}(window,document);
//# sourceURL=https://content.carib-export.com/wp-includes/js/wp-embed.min.js
</script>

Cette semaine, l'équipe de Caribbean Export présente quatorze marques caribéennes qui exposeront au plus grand salon bisannuel du monde, le SIAL, à Paris, en France. Plus de 310 000 visiteurs sont attendus pendant cinq jours, du 14 au 19 octobre. Les entreprises des Caraïbes seront présentées dans le pavillon Absolutely Caribbean.
