{"version":"1.0","provider_name":"Exportation Cara\u00efbes","provider_url":"https:\/\/content.carib-export.com\/fr\/","author_name":"Deidre Brathwaite","author_url":"https:\/\/content.carib-export.com\/fr\/author\/deidreb\/","title":"de C\u00e9l\u00e9brer la Journ\u00e9e ACP : Transformer le Groupe - Exportation Cara\u00efbes","type":"rich","width":600,"height":338,"html":"<blockquote class=\"wp-embedded-content\" data-secret=\"6PGm0emRRO\"><a href=\"https:\/\/content.carib-export.com\/fr\/news\/marking-acp-day-transforming-the-group\/\">C\u00e9l\u00e9brer la Journ\u00e9e ACP : Transformer le Groupe<\/a><\/blockquote><iframe sandbox=\"allow-scripts\" security=\"restricted\" src=\"https:\/\/content.carib-export.com\/fr\/news\/marking-acp-day-transforming-the-group\/embed\/#?secret=6PGm0emRRO\" width=\"600\" height=\"338\" title=\"\u00ab\u00a0C\u00e9l\u00e9brer la Journ\u00e9e ACP : Transformer le Groupe\u00a0\u00bb &#8212; Exportation Cara\u00efbes\" data-secret=\"6PGm0emRRO\" frameborder=\"0\" marginwidth=\"0\" marginheight=\"0\" scrolling=\"no\" class=\"wp-embedded-content\"><\/iframe><script>\n\/*! This file is auto-generated *\/\n!function(d,l){\"use strict\";l.querySelector&&d.addEventListener&&\"undefined\"!=typeof URL&&(d.wp=d.wp||{},d.wp.receiveEmbedMessage||(d.wp.receiveEmbedMessage=function(e){var t=e.data;if((t||t.secret||t.message||t.value)&&!\/[^a-zA-Z0-9]\/.test(t.secret)){for(var s,r,n,a=l.querySelectorAll('iframe[data-secret=\"'+t.secret+'\"]'),o=l.querySelectorAll('blockquote[data-secret=\"'+t.secret+'\"]'),c=new RegExp(\"^https?:$\",\"i\"),i=0;i<o.length;i++)o[i].style.display=\"none\";for(i=0;i<a.length;i++)s=a[i],e.source===s.contentWindow&&(s.removeAttribute(\"style\"),\"height\"===t.message?(1e3<(r=parseInt(t.value,10))?r=1e3:~~r<200&&(r=200),s.height=r):\"link\"===t.message&&(r=new URL(s.getAttribute(\"src\")),n=new URL(t.value),c.test(n.protocol))&&n.host===r.host&&l.activeElement===s&&(d.top.location.href=t.value))}},d.addEventListener(\"message\",d.wp.receiveEmbedMessage,!1),l.addEventListener(\"DOMContentLoaded\",function(){for(var e,t,s=l.querySelectorAll(\"iframe.wp-embedded-content\"),r=0;r<s.length;r++)(t=(e=s[r]).getAttribute(\"data-secret\"))||(t=Math.random().toString(36).substring(2,12),e.src+=\"#?secret=\"+t,e.setAttribute(\"data-secret\",t)),e.contentWindow.postMessage({message:\"ready\",secret:t},\"*\")},!1)))}(window,document);\n\/\/# sourceURL=https:\/\/content.carib-export.com\/wp-includes\/js\/wp-embed.min.js\n<\/script>\n","thumbnail_url":"https:\/\/content.carib-export.com\/wp-content\/uploads\/2020\/06\/Featured-Images-Website-7.png","thumbnail_width":800,"thumbnail_height":800,"description":"African, Caribbean and Pacific (ACP) Day is customarily commemorated on June 6, which is the date on which the Georgetown Agreement establishing the group, was signed in 1975. This year, the 45th Anniversary, the Day will be officially observed on June 5. Activities were mainly centred at the ACP Secretariat in Brussels, Belgium. It seems, [&hellip;]"}

Exportation Caraïbes

de Célébrer la Journée ACP : Transformer le Groupe - Exportation Caraïbes

<blockquote class="wp-embedded-content" data-secret="6PGm0emRRO"><a href="https://content.carib-export.com/fr/news/marking-acp-day-transforming-the-group/">Célébrer la Journée ACP : Transformer le Groupe</a></blockquote><iframe sandbox="allow-scripts" security="restricted" src="https://content.carib-export.com/fr/news/marking-acp-day-transforming-the-group/embed/#?secret=6PGm0emRRO" width="600" height="338" title="« Célébrer la Journée ACP : Transformer le Groupe » &#8212; Exportation Caraïbes" data-secret="6PGm0emRRO" frameborder="0" marginwidth="0" marginheight="0" scrolling="no" class="wp-embedded-content"></iframe><script>
/*! This file is auto-generated */
!function(d,l){"use strict";l.querySelector&&d.addEventListener&&"undefined"!=typeof URL&&(d.wp=d.wp||{},d.wp.receiveEmbedMessage||(d.wp.receiveEmbedMessage=function(e){var t=e.data;if((t||t.secret||t.message||t.value)&&!/[^a-zA-Z0-9]/.test(t.secret)){for(var s,r,n,a=l.querySelectorAll('iframe[data-secret="'+t.secret+'"]'),o=l.querySelectorAll('blockquote[data-secret="'+t.secret+'"]'),c=new RegExp("^https?:$","i"),i=0;i<o.length;i++)o[i].style.display="none";for(i=0;i<a.length;i++)s=a[i],e.source===s.contentWindow&&(s.removeAttribute("style"),"height"===t.message?(1e3<(r=parseInt(t.value,10))?r=1e3:~~r<200&&(r=200),s.height=r):"link"===t.message&&(r=new URL(s.getAttribute("src")),n=new URL(t.value),c.test(n.protocol))&&n.host===r.host&&l.activeElement===s&&(d.top.location.href=t.value))}},d.addEventListener("message",d.wp.receiveEmbedMessage,!1),l.addEventListener("DOMContentLoaded",function(){for(var e,t,s=l.querySelectorAll("iframe.wp-embedded-content"),r=0;r<s.length;r++)(t=(e=s[r]).getAttribute("data-secret"))||(t=Math.random().toString(36).substring(2,12),e.src+="#?secret="+t,e.setAttribute("data-secret",t)),e.contentWindow.postMessage({message:"ready",secret:t},"*")},!1)))}(window,document);
//# sourceURL=https://content.carib-export.com/wp-includes/js/wp-embed.min.js
</script>
